[INFO] cloning repository https://github.com/J4m3s00/skat
[INFO] running `Command { std: "git" "-c" "credential.helper=" "-c" "credential.helper=/workspace/cargo-home/bin/git-credential-null" "clone" "--bare" "https://github.com/J4m3s00/skat" "/workspace/cache/git-repos/https%3A%2F%2Fgithub.com%2FJ4m3s00%2Fskat", kill_on_drop: false }`
[INFO] [stderr] Cloning into bare repository '/workspace/cache/git-repos/https%3A%2F%2Fgithub.com%2FJ4m3s00%2Fskat'...
[INFO] running `Command { std: "git" "rev-parse" "HEAD", kill_on_drop: false }`
[INFO] [stdout] 5bc746fdacfc6bb89ed354f34ba2d2ffcb9dadaa
[INFO] checking J4m3s00/skat against master#cfbc6d4cf1acbac5c025acf8ed68929caa551df3 for pr-75494-beta
[INFO] running `Command { std: "git" "clone" "/workspace/cache/git-repos/https%3A%2F%2Fgithub.com%2FJ4m3s00%2Fskat" "/workspace/builds/worker-0/source", kill_on_drop: false }`
[INFO] [stderr] Cloning into '/workspace/builds/worker-0/source'...
[INFO] [stderr] done.
[INFO] validating manifest of git repo https://github.com/J4m3s00/skat on toolchain cfbc6d4cf1acbac5c025acf8ed68929caa551df3
[INFO] running `Command { std: "/workspace/cargo-home/bin/cargo" "+cfbc6d4cf1acbac5c025acf8ed68929caa551df3" "read-manifest" "--manifest-path" "Cargo.toml", kill_on_drop: false }`
[INFO] started tweaking git repo https://github.com/J4m3s00/skat
[INFO] finished tweaking git repo https://github.com/J4m3s00/skat
[INFO] tweaked toml for git repo https://github.com/J4m3s00/skat written to /workspace/builds/worker-0/source/Cargo.toml
[INFO] crate git repo https://github.com/J4m3s00/skat already has a lockfile, it will not be regenerated
[INFO] running `Command { std: "/workspace/cargo-home/bin/cargo" "+cfbc6d4cf1acbac5c025acf8ed68929caa551df3" "fetch" "--locked" "--manifest-path" "Cargo.toml", kill_on_drop: false }`
[INFO] running `Command { std: "docker" "create" "-v" "/var/lib/crater-agent-workspace/builds/worker-0/target:/opt/rustwide/target:rw,Z" "-v" "/var/lib/crater-agent-workspace/builds/worker-0/source:/opt/rustwide/workdir:ro,Z" "-v" "/var/lib/crater-agent-workspace/cargo-home:/opt/rustwide/cargo-home:ro,Z" "-v" "/var/lib/crater-agent-workspace/rustup-home:/opt/rustwide/rustup-home:ro,Z" "-e" "SOURCE_DIR=/opt/rustwide/workdir" "-e" "CARGO_TARGET_DIR=/opt/rustwide/target" "-e" "CARGO_HOME=/opt/rustwide/cargo-home" "-e" "RUSTUP_HOME=/opt/rustwide/rustup-home" "-w" "/opt/rustwide/workdir" "-m" "1610612736" "--user" "0:0" "--network" "none" "rustops/crates-build-env@sha256:a636fd89d022f18117e1dc8fb37a0a009933cdbbe082814857f0e2024962d47c" "/opt/rustwide/cargo-home/bin/cargo" "+cfbc6d4cf1acbac5c025acf8ed68929caa551df3" "metadata" "--no-deps" "--format-version=1", kill_on_drop: false }`
[INFO] [stdout] e7612eb13abc330501f1168ddb0356deda69a5a35c14875413a134cf75624b89
[INFO] [stderr] WARNING: Your kernel does not support swap limit capabilities or the cgroup is not mounted. Memory limited without swap.
[INFO] running `Command { std: "docker" "start" "-a" "e7612eb13abc330501f1168ddb0356deda69a5a35c14875413a134cf75624b89", kill_on_drop: false }`
[INFO] running `Command { std: "docker" "inspect" "e7612eb13abc330501f1168ddb0356deda69a5a35c14875413a134cf75624b89", kill_on_drop: false }`
[INFO] running `Command { std: "docker" "rm" "-f" "e7612eb13abc330501f1168ddb0356deda69a5a35c14875413a134cf75624b89", kill_on_drop: false }`
[INFO] [stdout] e7612eb13abc330501f1168ddb0356deda69a5a35c14875413a134cf75624b89
[INFO] running `Command { std: "docker" "create" "-v" "/var/lib/crater-agent-workspace/builds/worker-0/target:/opt/rustwide/target:rw,Z" "-v" "/var/lib/crater-agent-workspace/builds/worker-0/source:/opt/rustwide/workdir:ro,Z" "-v" "/var/lib/crater-agent-workspace/cargo-home:/opt/rustwide/cargo-home:ro,Z" "-v" "/var/lib/crater-agent-workspace/rustup-home:/opt/rustwide/rustup-home:ro,Z" "-e" "SOURCE_DIR=/opt/rustwide/workdir" "-e" "CARGO_TARGET_DIR=/opt/rustwide/target" "-e" "CARGO_INCREMENTAL=0" "-e" "RUST_BACKTRACE=full" "-e" "RUSTFLAGS=--cap-lints=forbid" "-e" "CARGO_HOME=/opt/rustwide/cargo-home" "-e" "RUSTUP_HOME=/opt/rustwide/rustup-home" "-w" "/opt/rustwide/workdir" "-m" "1610612736" "--user" "0:0" "--network" "none" "rustops/crates-build-env@sha256:a636fd89d022f18117e1dc8fb37a0a009933cdbbe082814857f0e2024962d47c" "/opt/rustwide/cargo-home/bin/cargo" "+cfbc6d4cf1acbac5c025acf8ed68929caa551df3" "check" "--frozen" "--all" "--all-targets" "--message-format=json", kill_on_drop: false }`
[INFO] [stderr] WARNING: Your kernel does not support swap limit capabilities or the cgroup is not mounted. Memory limited without swap.
[INFO] [stdout] bfbcea8c0758e3d396248fa8bd0e103672913189c56d26e418731d14be8da6ca
[INFO] running `Command { std: "docker" "start" "-a" "bfbcea8c0758e3d396248fa8bd0e103672913189c56d26e418731d14be8da6ca", kill_on_drop: false }`
[INFO] [stderr]    Compiling getrandom v0.1.14
[INFO] [stderr]     Checking cfg-if v0.1.10
[INFO] [stderr]     Checking ppv-lite86 v0.2.6
[INFO] [stderr]     Checking rand_core v0.5.1
[INFO] [stderr]     Checking c2-chacha v0.2.3
[INFO] [stderr]     Checking rand_chacha v0.2.1
[INFO] [stderr]     Checking rand v0.7.3
[INFO] [stderr]     Checking Skat v0.1.0 (/opt/rustwide/workdir)
[INFO] [stdout] error: expected type, found keyword `mut`
[INFO] [stdout]   --> src/main.rs:54:12
[INFO] [stdout]    |
[INFO] [stdout] 54 |     cards: mut Vec<Card>
[INFO] [stdout]    |            ^^^ expected type
[INFO] [stdout] 
[INFO] [stdout] 
[INFO] [stdout] error: expected type, found keyword `mut`
[INFO] [stdout]   --> src/main.rs:54:12
[INFO] [stdout]    |
[INFO] [stdout] 54 |     cards: mut Vec<Card>
[INFO] [stdout]    |            ^^^ expected type
[INFO] [stdout] 
[INFO] [stdout] 
[INFO] [stdout] warning: unnecessary parentheses around `if` condition
[INFO] [stdout]    --> src/main.rs:111:8
[INFO] [stdout]     |
[INFO] [stdout] 111 |     if (table_cards.len() == 0) { return hand_cards.clone(); }
[INFO] [stdout]     |        ^^^^^^^^^^^^^^^^^^^^^^^^ help: remove these parentheses
[INFO] [stdout]     |
[INFO] [stdout]     = note: `#[warn(unused_parens)]` on by default
[INFO] [stdout] 
[INFO] [stdout] 
[INFO] [stdout] warning: unnecessary parentheses around `if` condition
[INFO] [stdout]    --> src/main.rs:114:8
[INFO] [stdout]     |
[INFO] [stdout] 114 |     if (result.len() > 0) { return result; }
[INFO] [stdout]     |        ^^^^^^^^^^^^^^^^^^ help: remove these parentheses
[INFO] [stdout] 
[INFO] [stdout] 
[INFO] [stdout] warning: unnecessary parentheses around `if` condition
[INFO] [stdout]    --> src/main.rs:128:8
[INFO] [stdout]     |
[INFO] [stdout] 128 |     if (table_cards.len() == 0) { table_cards.push(card); players[player_index].cards.into_iter().filter(|&c|c.number == card.number && c...
[INFO] [stdout]     |        ^^^^^^^^^^^^^^^^^^^^^^^^ help: remove these parentheses
[INFO] [stdout] 
[INFO] [stdout] 
[INFO] [stdout] warning: unnecessary parentheses around `if` condition
[INFO] [stdout]    --> src/main.rs:111:8
[INFO] [stdout]     |
[INFO] [stdout] 111 |     if (table_cards.len() == 0) { return hand_cards.clone(); }
[INFO] [stdout]     |        ^^^^^^^^^^^^^^^^^^^^^^^^ help: remove these parentheses
[INFO] [stdout]     |
[INFO] [stdout]     = note: `#[warn(unused_parens)]` on by default
[INFO] [stdout] 
[INFO] [stdout] 
[INFO] [stdout] warning: unnecessary parentheses around `if` condition
[INFO] [stdout]    --> src/main.rs:114:8
[INFO] [stdout]     |
[INFO] [stdout] 114 |     if (result.len() > 0) { return result; }
[INFO] [stdout]     |        ^^^^^^^^^^^^^^^^^^ help: remove these parentheses
[INFO] [stdout] 
[INFO] [stdout] 
[INFO] [stdout] warning: unnecessary parentheses around `if` condition
[INFO] [stdout]    --> src/main.rs:128:8
[INFO] [stdout]     |
[INFO] [stdout] 128 |     if (table_cards.len() == 0) { table_cards.push(card); players[player_index].cards.into_iter().filter(|&c|c.number == card.number && c...
[INFO] [stdout]     |        ^^^^^^^^^^^^^^^^^^^^^^^^ help: remove these parentheses
[INFO] [stdout] 
[INFO] [stdout] 
[INFO] [stdout] error[E0609]: no field `cards` on type `Player`
[INFO] [stdout]   --> src/main.rs:77:24
[INFO] [stdout]    |
[INFO] [stdout] 77 |             players[p].cards.push(full_deck[current_index]);
[INFO] [stdout]    |                        ^^^^^ unknown field
[INFO] [stdout] 
[INFO] [stdout] 
[INFO] [stdout] error[E0609]: no field `cards` on type `Player`
[INFO] [stdout]   --> src/main.rs:87:24
[INFO] [stdout]    |
[INFO] [stdout] 87 |             players[p].cards.push(full_deck[current_index]);
[INFO] [stdout]    |                        ^^^^^ unknown field
[INFO] [stdout] 
[INFO] [stdout] 
[INFO] [stdout] error[E0609]: no field `cards` on type `Player`
[INFO] [stdout]   --> src/main.rs:94:24
[INFO] [stdout]    |
[INFO] [stdout] 94 |             players[p].cards.push(full_deck[current_index]);
[INFO] [stdout]    |                        ^^^^^ unknown field
[INFO] [stdout] 
[INFO] [stdout] 
[INFO] [stdout] error[E0609]: no field `cards` on type `Player`
[INFO] [stdout]    --> src/main.rs:128:81
[INFO] [stdout]     |
[INFO] [stdout] 128 |     if (table_cards.len() == 0) { table_cards.push(card); players[player_index].cards.into_iter().filter(|&c|c.number == card.number && c...
[INFO] [stdout]     |                                                                                 ^^^^^ unknown field
[INFO] [stdout] 
[INFO] [stdout] 
[INFO] [stdout] error: aborting due to 5 previous errors; 3 warnings emitted
[INFO] [stdout] 
[INFO] [stdout] 
[INFO] [stdout] For more information about this error, try `rustc --explain E0609`.
[INFO] [stdout] 
[INFO] [stdout] error[E0609]: no field `cards` on type `Player`
[INFO] [stdout]   --> src/main.rs:77:24
[INFO] [stdout]    |
[INFO] [stdout] 77 |             players[p].cards.push(full_deck[current_index]);
[INFO] [stdout]    |                        ^^^^^ unknown field
[INFO] [stdout] 
[INFO] [stdout] 
[INFO] [stdout] error[E0609]: no field `cards` on type `Player`
[INFO] [stdout]   --> src/main.rs:87:24
[INFO] [stdout]    |
[INFO] [stdout] 87 |             players[p].cards.push(full_deck[current_index]);
[INFO] [stdout]    |                        ^^^^^ unknown field
[INFO] [stdout] 
[INFO] [stdout] 
[INFO] [stdout] error[E0609]: no field `cards` on type `Player`
[INFO] [stdout]   --> src/main.rs:94:24
[INFO] [stdout]    |
[INFO] [stdout] 94 |             players[p].cards.push(full_deck[current_index]);
[INFO] [stdout]    |                        ^^^^^ unknown field
[INFO] [stdout] 
[INFO] [stdout] 
[INFO] [stderr] error: could not compile `Skat`.
[INFO] [stdout] error[E0609]: no field `cards` on type `Player`
[INFO] [stdout]    --> src/main.rs:128:81
[INFO] [stdout]     |
[INFO] [stdout] 128 |     if (table_cards.len() == 0) { table_cards.push(card); players[player_index].cards.into_iter().filter(|&c|c.number == card.number && c...
[INFO] [stdout]     |                                                                                 ^^^^^ unknown field
[INFO] [stdout] 
[INFO] [stdout] 
[INFO] [stderr] 
[INFO] [stdout] error: aborting due to 5 previous errors; 3 warnings emitted
[INFO] [stdout] 
[INFO] [stdout] 
[INFO] [stderr] To learn more, run the command again with --verbose.
[INFO] [stdout] For more information about this error, try `rustc --explain E0609`.
[INFO] [stdout] 
[INFO] [stderr] warning: build failed, waiting for other jobs to finish...
[INFO] [stderr] error: build failed
[INFO] running `Command { std: "docker" "inspect" "bfbcea8c0758e3d396248fa8bd0e103672913189c56d26e418731d14be8da6ca", kill_on_drop: false }`
[INFO] running `Command { std: "docker" "rm" "-f" "bfbcea8c0758e3d396248fa8bd0e103672913189c56d26e418731d14be8da6ca", kill_on_drop: false }`
[INFO] [stdout] bfbcea8c0758e3d396248fa8bd0e103672913189c56d26e418731d14be8da6ca
